{"id":1506,"date":"2017-04-03T16:59:28","date_gmt":"2017-04-03T14:59:28","guid":{"rendered":"https:\/\/www.noemie-sanson.fr\/?page_id=1506"},"modified":"2024-03-08T12:33:01","modified_gmt":"2024-03-08T10:33:01","slug":"racontee-helleau-la-mer","status":"publish","type":"page","link":"https:\/\/www.noemie-sanson.fr\/?page_id=1506","title":{"rendered":"Hell&rsquo;eau la mer  ou l&rsquo;Enfant Coquillage ( tout public \u00e0 partir de 5 ans)"},"content":{"rendered":"\n<figure class=\"wp-block-image size-large\"><a href=\"https:\/\/www.noemie-sanson.fr\/wordpress\/wp-content\/uploads\/2023\/02\/Helleau-la-mer-.jpg\"><img loading=\"lazy\" decoding=\"async\" width=\"724\" height=\"1024\" src=\"https:\/\/www.noemie-sanson.fr\/wordpress\/wp-content\/uploads\/2023\/02\/Helleau-la-mer--724x1024.jpg\" alt=\"\" class=\"wp-image-3513\" srcset=\"https:\/\/www.noemie-sanson.fr\/wordpress\/wp-content\/uploads\/2023\/02\/Helleau-la-mer--724x1024.jpg 724w, https:\/\/www.noemie-sanson.fr\/wordpress\/wp-content\/uploads\/2023\/02\/Helleau-la-mer--212x300.jpg 212w, https:\/\/www.noemie-sanson.fr\/wordpress\/wp-content\/uploads\/2023\/02\/Helleau-la-mer--768x1086.jpg 768w, https:\/\/www.noemie-sanson.fr\/wordpress\/wp-content\/uploads\/2023\/02\/Helleau-la-mer--1086x1536.jpg 1086w, https:\/\/www.noemie-sanson.fr\/wordpress\/wp-content\/uploads\/2023\/02\/Helleau-la-mer--1448x2048.jpg 1448w, https:\/\/www.noemie-sanson.fr\/wordpress\/wp-content\/uploads\/2023\/02\/Helleau-la-mer-.jpg 1587w\" sizes=\"auto, (max-width: 724px) 100vw, 724px\" \/><\/a><\/figure>\n\n\n\n<p class=\"has-text-align-center has-white-color has-text-color has-background\" style=\"background-color:#008ba3\">Hell&rsquo;eau la mer ou l&rsquo;Enfant Coquillage<\/p>\n\n\n<p><a href=\"https:\/\/www.noemie-sanson.fr\/wordpress\/wp-content\/uploads\/2018\/04\/20180120_144150.jpg\"><img loading=\"lazy\" decoding=\"async\" class=\"alignleft wp-image-1753 size-thumbnail\" src=\"https:\/\/www.noemie-sanson.fr\/wordpress\/wp-content\/uploads\/2018\/04\/20180120_144150-150x150.jpg\" alt=\"\" width=\"150\" height=\"150\" srcset=\"https:\/\/www.noemie-sanson.fr\/wordpress\/wp-content\/uploads\/2018\/04\/20180120_144150-150x150.jpg 150w, https:\/\/www.noemie-sanson.fr\/wordpress\/wp-content\/uploads\/2018\/04\/20180120_144150-300x300.jpg 300w, https:\/\/www.noemie-sanson.fr\/wordpress\/wp-content\/uploads\/2018\/04\/20180120_144150-768x768.jpg 768w, https:\/\/www.noemie-sanson.fr\/wordpress\/wp-content\/uploads\/2018\/04\/20180120_144150-1024x1024.jpg 1024w, https:\/\/www.noemie-sanson.fr\/wordpress\/wp-content\/uploads\/2018\/04\/20180120_144150.jpg 1200w\" sizes=\"auto, (max-width: 150px) 100vw, 150px\" \/><\/a><span style=\"color: #201f1e;\"><span style=\"font-family: Arial Nova, sans-serif;\"><span style=\"font-size: medium;\"><i>A bord de son bateau \u00e0\u00a0la\u00a0coque rouge, un\u00a0p\u00eacheur\u00a0emmitoufl\u00e9 dans son cir\u00e9 jaune, d\u00e9couvre \u00e0 l&rsquo;int\u00e9rieur des mailles vertes vertes vertes de son filet, un\u00a0enfant\u00a0aux yeux noirs, noirs, noirs comme\u00a0la\u00a0nuit.<\/i><\/span><\/span><\/span><\/p>\n<p style=\"text-align: left;\" align=\"JUSTIFY\"><span style=\"color: #201f1e;\"><span style=\"font-family: Arial Nova, sans-serif;\"><span style=\"font-size: medium;\"><i>En compagnie de ces deux \u00eatres, No\u00e9mie vous propose un voyage au pays des contes de l&rsquo;eau, eaux douces ou sal\u00e9es&#8230; avec escales en chansons.<\/i><\/span><\/span><\/span><\/p>\n<p align=\"JUSTIFY\"><span style=\"color: #201f1e;\"><span style=\"font-family: Arial Nova, sans-serif;\"><span style=\"font-size: medium;\"><i>Pour construire cette racont\u00e9e, elle a puis\u00e9 dans des histoires de sa terre natale, la Normandie, mais aussi dans les contes du Pacifique et d\u2019ailleurs : l\u2019eau n\u2019a pas de fronti\u00e8res, pas de barri\u00e8res\u2026 elle est universelle, parfois sal\u00e9e, parfois douce, tout comme les histoires\u2026<\/i><\/span><\/span><\/span><\/p>\n<p>Pour t\u00e9l\u00e9charger le dossier de pr\u00e9sentation, c&rsquo;est par ici : <a href=\"https:\/\/www.noemie-sanson.fr\/wordpress\/wp-content\/uploads\/2023\/06\/Helleau-la-mer-ou-lenfant-coquillage-1.pdf\">Hell&rsquo;eau la mer ou l&rsquo;enfant coquillage (1)<\/a><\/p>\n<p>Tarif transmis sur simple demande.<\/p>\n\n\n<figure class=\"wp-block-gallery has-nested-images columns-default is-cropped wp-block-gallery-1 is-layout-flex wp-block-gallery-is-layout-flex\">\n<figure class=\"wp-block-image size-large is-style-rounded\"><a href=\"https:\/\/www.noemie-sanson.fr\/wordpress\/wp-content\/uploads\/2023\/02\/Photo-de-Noemie.jpg\"><img loading=\"lazy\" decoding=\"async\" width=\"1024\" height=\"576\" data-id=\"3511\" src=\"https:\/\/www.noemie-sanson.fr\/wordpress\/wp-content\/uploads\/2023\/02\/Photo-de-Noemie-1024x576.jpg\" alt=\"\" class=\"wp-image-3511\" srcset=\"https:\/\/www.noemie-sanson.fr\/wordpress\/wp-content\/uploads\/2023\/02\/Photo-de-Noemie-1024x576.jpg 1024w, https:\/\/www.noemie-sanson.fr\/wordpress\/wp-content\/uploads\/2023\/02\/Photo-de-Noemie-300x169.jpg 300w, https:\/\/www.noemie-sanson.fr\/wordpress\/wp-content\/uploads\/2023\/02\/Photo-de-Noemie-768x432.jpg 768w, https:\/\/www.noemie-sanson.fr\/wordpress\/wp-content\/uploads\/2023\/02\/Photo-de-Noemie-1536x864.jpg 1536w, https:\/\/www.noemie-sanson.fr\/wordpress\/wp-content\/uploads\/2023\/02\/Photo-de-Noemie.jpg 1600w\" sizes=\"auto, (max-width: 1024px) 100vw, 1024px\" \/><\/a><\/figure>\n\n\n\n<figure class=\"wp-block-image size-large\"><a href=\"https:\/\/www.noemie-sanson.fr\/wordpress\/wp-content\/uploads\/2022\/01\/13.jpg\"><img loading=\"lazy\" decoding=\"async\" width=\"960\" height=\"720\" data-id=\"3121\" src=\"https:\/\/www.noemie-sanson.fr\/wordpress\/wp-content\/uploads\/2022\/01\/13.jpg\" alt=\"\" class=\"wp-image-3121\" srcset=\"https:\/\/www.noemie-sanson.fr\/wordpress\/wp-content\/uploads\/2022\/01\/13.jpg 960w, https:\/\/www.noemie-sanson.fr\/wordpress\/wp-content\/uploads\/2022\/01\/13-300x225.jpg 300w, https:\/\/www.noemie-sanson.fr\/wordpress\/wp-content\/uploads\/2022\/01\/13-768x576.jpg 768w\" sizes=\"auto, (max-width: 960px) 100vw, 960px\" \/><\/a><\/figure>\n\n\n\n<figure class=\"wp-block-image size-large\"><a href=\"https:\/\/www.noemie-sanson.fr\/wordpress\/wp-content\/uploads\/2023\/02\/1677059600055-scaled.jpg\"><img loading=\"lazy\" decoding=\"async\" width=\"769\" height=\"1024\" data-id=\"3510\" src=\"https:\/\/www.noemie-sanson.fr\/wordpress\/wp-content\/uploads\/2023\/02\/1677059600055-769x1024.jpg\" alt=\"\" class=\"wp-image-3510\" srcset=\"https:\/\/www.noemie-sanson.fr\/wordpress\/wp-content\/uploads\/2023\/02\/1677059600055-769x1024.jpg 769w, https:\/\/www.noemie-sanson.fr\/wordpress\/wp-content\/uploads\/2023\/02\/1677059600055-225x300.jpg 225w, https:\/\/www.noemie-sanson.fr\/wordpress\/wp-content\/uploads\/2023\/02\/1677059600055-768x1023.jpg 768w, https:\/\/www.noemie-sanson.fr\/wordpress\/wp-content\/uploads\/2023\/02\/1677059600055-1153x1536.jpg 1153w, https:\/\/www.noemie-sanson.fr\/wordpress\/wp-content\/uploads\/2023\/02\/1677059600055-1538x2048.jpg 1538w, https:\/\/www.noemie-sanson.fr\/wordpress\/wp-content\/uploads\/2023\/02\/1677059600055-scaled.jpg 1922w\" sizes=\"auto, (max-width: 769px) 100vw, 769px\" \/><\/a><\/figure>\n\n\n\n<figure class=\"wp-block-image size-large\"><a href=\"https:\/\/www.noemie-sanson.fr\/wordpress\/wp-content\/uploads\/2022\/01\/1.jpeg\"><img loading=\"lazy\" decoding=\"async\" width=\"960\" height=\"720\" data-id=\"3119\" src=\"https:\/\/www.noemie-sanson.fr\/wordpress\/wp-content\/uploads\/2022\/01\/1.jpeg\" alt=\"\" class=\"wp-image-3119\" srcset=\"https:\/\/www.noemie-sanson.fr\/wordpress\/wp-content\/uploads\/2022\/01\/1.jpeg 960w, https:\/\/www.noemie-sanson.fr\/wordpress\/wp-content\/uploads\/2022\/01\/1-300x225.jpeg 300w, https:\/\/www.noemie-sanson.fr\/wordpress\/wp-content\/uploads\/2022\/01\/1-768x576.jpeg 768w\" sizes=\"auto, (max-width: 960px) 100vw, 960px\" \/><\/a><\/figure>\n\n\n\n<figure class=\"wp-block-image size-large\"><a href=\"https:\/\/www.noemie-sanson.fr\/wordpress\/wp-content\/uploads\/2023\/02\/Helleau.jpg\"><img loading=\"lazy\" decoding=\"async\" width=\"1024\" height=\"683\" data-id=\"3512\" src=\"https:\/\/www.noemie-sanson.fr\/wordpress\/wp-content\/uploads\/2023\/02\/Helleau-1024x683.jpg\" alt=\"\" class=\"wp-image-3512\" srcset=\"https:\/\/www.noemie-sanson.fr\/wordpress\/wp-content\/uploads\/2023\/02\/Helleau-1024x683.jpg 1024w, https:\/\/www.noemie-sanson.fr\/wordpress\/wp-content\/uploads\/2023\/02\/Helleau-300x200.jpg 300w, https:\/\/www.noemie-sanson.fr\/wordpress\/wp-content\/uploads\/2023\/02\/Helleau-768x512.jpg 768w, https:\/\/www.noemie-sanson.fr\/wordpress\/wp-content\/uploads\/2023\/02\/Helleau-1536x1024.jpg 1536w, https:\/\/www.noemie-sanson.fr\/wordpress\/wp-content\/uploads\/2023\/02\/Helleau.jpg 2048w\" sizes=\"auto, (max-width: 1024px) 100vw, 1024px\" \/><\/a><\/figure>\n<\/figure>\n","protected":false},"excerpt":{"rendered":"<p>Hell&rsquo;eau la mer ou l&rsquo;Enfant Coquillage A bord de son bateau \u00e0\u00a0la\u00a0coque rouge, un\u00a0p\u00eacheur\u00a0emmitoufl\u00e9 dans son cir\u00e9 jaune, d\u00e9couvre \u00e0 l&rsquo;int\u00e9rieur des mailles vertes vertes vertes de son filet, un\u00a0enfant\u00a0aux yeux noirs, noirs, noirs comme\u00a0la\u00a0nuit. En compagnie de ces deux &hellip; <a href=\"https:\/\/www.noemie-sanson.fr\/?page_id=1506\">Continuer la lecture <span class=\"meta-nav\">&rarr;<\/span><\/a><\/p>\n","protected":false},"author":2,"featured_media":3516,"parent":3829,"menu_order":2,"comment_status":"closed","ping_status":"closed","template":"","meta":{"footnotes":""},"class_list":["post-1506","page","type-page","status-publish","has-post-thumbnail","hentry"],"_links":{"self":[{"href":"https:\/\/www.noemie-sanson.fr\/index.php?rest_route=\/wp\/v2\/pages\/1506","targetHints":{"allow":["GET"]}}],"collection":[{"href":"https:\/\/www.noemie-sanson.fr\/index.php?rest_route=\/wp\/v2\/pages"}],"about":[{"href":"https:\/\/www.noemie-sanson.fr\/index.php?rest_route=\/wp\/v2\/types\/page"}],"author":[{"embeddable":true,"href":"https:\/\/www.noemie-sanson.fr\/index.php?rest_route=\/wp\/v2\/users\/2"}],"replies":[{"embeddable":true,"href":"https:\/\/www.noemie-sanson.fr\/index.php?rest_route=%2Fwp%2Fv2%2Fcomments&post=1506"}],"version-history":[{"count":29,"href":"https:\/\/www.noemie-sanson.fr\/index.php?rest_route=\/wp\/v2\/pages\/1506\/revisions"}],"predecessor-version":[{"id":3780,"href":"https:\/\/www.noemie-sanson.fr\/index.php?rest_route=\/wp\/v2\/pages\/1506\/revisions\/3780"}],"up":[{"embeddable":true,"href":"https:\/\/www.noemie-sanson.fr\/index.php?rest_route=\/wp\/v2\/pages\/3829"}],"wp:featuredmedia":[{"embeddable":true,"href":"https:\/\/www.noemie-sanson.fr\/index.php?rest_route=\/wp\/v2\/media\/3516"}],"wp:attachment":[{"href":"https:\/\/www.noemie-sanson.fr\/index.php?rest_route=%2Fwp%2Fv2%2Fmedia&parent=1506"}],"curies":[{"name":"wp","href":"https:\/\/api.w.org\/{rel}","templated":true}]}}