{"id":1529,"date":"2017-06-07T15:41:08","date_gmt":"2017-06-07T13:41:08","guid":{"rendered":"https:\/\/www.noemie-sanson.fr\/?page_id=1529"},"modified":"2024-03-14T10:47:30","modified_gmt":"2024-03-14T08:47:30","slug":"noemie-auteure","status":"publish","type":"page","link":"https:\/\/www.noemie-sanson.fr\/?page_id=1529","title":{"rendered":"Sur la banquise"},"content":{"rendered":"\n<figure class=\"wp-block-embed-youtube wp-block-embed is-type-video is-provider-youtube wp-embed-aspect-16-9 wp-has-aspect-ratio\"><div class=\"wp-block-embed__wrapper\">\n<iframe loading=\"lazy\" title=\"Sur la banquise (extrait) Par No\u00e9mie Sanson, autrice et Jean-Claude Roche \u00e0 la musique\" width=\"640\" height=\"360\" src=\"https:\/\/www.youtube.com\/embed\/NgJerLIWqzg?feature=oembed\" frameborder=\"0\" allow=\"accelerometer; autoplay; clipboard-write; encrypted-media; gyroscope; picture-in-picture; web-share\" referrerpolicy=\"strict-origin-when-cross-origin\" allowfullscreen><\/iframe>\n<\/div><figcaption><em><strong>Festival Femmes Ordinaires Extraordinaires<\/strong><\/em>, organis\u00e9 par la compagnie Pi\u00e8ces Mont\u00e9es durant lequel, accompagn\u00e9e par Jean-Claude Roche, nous avons donn\u00e9 une lecture musicale (<strong>Paris, 20e, septembre 2020)<\/strong><\/figcaption><\/figure>\n\n\n<div class=\"entry-content\">\n<ul>\n<li>Apr\u00e8s avoir \u00e9crit <em>La Grande Marcheuse<\/em>, No\u00e9mie a \u00e9crit une nouvelle intitul\u00e9e <span style=\"color: #0000ff;\"><strong><em><span style=\"color: #0000ff;\">Sur La Banquise<\/span>.\u00a0 <\/em><\/strong><\/span>No\u00e9mie souhaite aller avec cette nouvelle \u00e0 la rencontre des cercles de femmes, des publics des centres sociaux, et tout cercle o\u00f9 la parole se fait partage.<\/li>\n<\/ul>\n<h4>No\u00e9mie aime la pr\u00e9senter ainsi :<\/h4>\n<h4><strong>\u00ab\u00a0Sur la banquise :<\/strong><\/h4>\n<h4>\u2013 Un voyage onirique au c\u0153ur d\u2019un \u00eatre qui ira au pays de la glace rencontrer son feu int\u00e9rieur.<br \/>\u2013 Un voyage \u00e0 travers les mots pour raconter l\u2019aventure douloureuse que traverse une jeune femme dans l\u2019apprentissage d\u2019aimer.<\/h4>\n<h4>\u2013 Un voyage-partage car la parole permet le soin et prot\u00e8ge des souffrances inutiles.<\/h4>\n<p>Pendant quatre ann\u00e9es, j\u2019ai \u00e9crit, transform\u00e9, modifi\u00e9 avant d\u2019aboutir \u00e0 cette version, au fur et \u00e0 mesure de mon cheminement personnel. Aujourd\u2019hui, j\u2019ai envie de la transmettre avec sans doute ses imperfections mais surtout sa v\u00e9rit\u00e9.\u00a0\u00bb<\/p>\n<p><a href=\"https:\/\/www.noemie-sanson.fr\/wordpress\/wp-content\/uploads\/2020\/11\/affiche.jpg\"><img loading=\"lazy\" decoding=\"async\" class=\"size-full wp-image-2773 aligncenter\" src=\"https:\/\/www.noemie-sanson.fr\/wordpress\/wp-content\/uploads\/2020\/11\/affiche.jpg\" alt=\"\" width=\"280\" height=\"396\" srcset=\"https:\/\/www.noemie-sanson.fr\/wordpress\/wp-content\/uploads\/2020\/11\/affiche.jpg 280w, https:\/\/www.noemie-sanson.fr\/wordpress\/wp-content\/uploads\/2020\/11\/affiche-212x300.jpg 212w\" sizes=\"auto, (max-width: 280px) 100vw, 280px\" \/><\/a><\/p>\n<p>Pour \u00e9couter\u00a0 <em><strong>Sur la Banquise<\/strong><\/em>, enregistr\u00e9 \u00e0 Radio Grand Ciel d\u00e9cembre 2019, ing\u00e9nieur du son Simon MARTIN, cliquer ici :<\/p>\n<audio class=\"wp-audio-shortcode\" id=\"audio-1529-1\" preload=\"none\" style=\"width: 100%;\" controls=\"controls\"><source type=\"audio\/mpeg\" src=\"https:\/\/www.noemie-sanson.fr\/wordpress\/wp-content\/uploads\/2020\/04\/2002-tout-ca-2-Noemie.mp3?_=1\" \/><a href=\"https:\/\/www.noemie-sanson.fr\/wordpress\/wp-content\/uploads\/2020\/04\/2002-tout-ca-2-Noemie.mp3\">https:\/\/www.noemie-sanson.fr\/wordpress\/wp-content\/uploads\/2020\/04\/2002-tout-ca-2-Noemie.mp3<\/a><\/audio>\n<hr \/><hr \/><hr \/><\/div>\n<p><!--more--><\/p>\n<ul>\n<li><a href=\"https:\/\/www.noemie-sanson.fr\/wordpress\/wp-content\/uploads\/2018\/04\/image-Au-Pays-des-Bulles.jpg\"><img loading=\"lazy\" decoding=\"async\" class=\"alignleft wp-image-1740 size-medium\" src=\"https:\/\/www.noemie-sanson.fr\/wordpress\/wp-content\/uploads\/2018\/04\/image-Au-Pays-des-Bulles-300x212.jpg\" alt=\"\" width=\"300\" height=\"212\" \/><\/a>A la demande de l&rsquo;ANSES, No\u00e9mie a \u00e9crit fin 2016 <span style=\"color: #0000ff;\"><strong><em><span style=\"color: #0000ff;\">Au Pays<\/span> <span style=\"color: #0000ff;\">des Bulles<\/span><\/em><\/strong><\/span>\u00a0 une\u00a0 histoire \u00e0 destination des enfants mais aussi de leurs parents, sur le th\u00e8me de l&rsquo;activit\u00e9 physique.<\/li>\n<li>Edit\u00e9e dans un petit livre par l&rsquo;ANSES, cette histoire est disponible et gratuite sur simple demande.<\/li>\n<li>Vous pouvez \u00e9galement l&rsquo;entendre raconter par Marianne Guilleray, conteuse, au Salon de l&rsquo;Agriculture \u00e0 Paris.<\/li>\n<\/ul>\n<p>L&rsquo; <span style=\"color: #800080;\">ANSES<\/span> : Agence Nationale de s\u00e9curit\u00e9 sanitaire, de l&rsquo;alimentation, de l&rsquo;environnement et du travail<span style=\"color: #000000;\"><b>\u00a0<\/b><\/span><\/p>\n<p><em>Extrait :\u00a0<\/em><\/p>\n<hr \/>\n<ul>\n<li><strong><span style=\"color: #0000ff;\"><em><span style=\"color: #0000ff;\">Je<\/span><\/em> v<\/span><\/strong><em><strong><span style=\"color: #0000ff;\">ole<\/span><\/strong><\/em>, texte \u00e9crit par No\u00e9mie SANSON, inspir\u00e9e et sur la musique d&rsquo;Anthony Levaufre\n<audio class=\"wp-audio-shortcode\" id=\"audio-1529-2\" preload=\"none\" style=\"width: 100%;\" controls=\"controls\"><source type=\"audio\/mpeg\" src=\"https:\/\/www.noemie-sanson.fr\/wordpress\/wp-content\/uploads\/2020\/04\/Je-Vole.mp3?_=2\" \/><a href=\"https:\/\/www.noemie-sanson.fr\/wordpress\/wp-content\/uploads\/2020\/04\/Je-Vole.mp3\">https:\/\/www.noemie-sanson.fr\/wordpress\/wp-content\/uploads\/2020\/04\/Je-Vole.mp3<\/a><\/audio>\n<\/li>\n<\/ul>\n<hr \/>\n<ul>\n<li><em><strong><span style=\"color: #0000ff;\">La Grande Marcheuse<\/span><\/strong><\/em><\/li>\n<\/ul>\n<p align=\"JUSTIFY\"><span style=\"color: #5133ab;\"><span style=\"font-family: Arial, serif;\"><span style=\"font-size: medium;\"><i>Un voyage dans l\u2019imaginaire d\u2019une petite fille du bord de mer, qui prendra plaisir \u00e0 plonger sans retenue dans des mondes maritimes divers et vari\u00e9s. Un voyage que deux artistes No\u00e9mie Sanson, com\u00e9dienne-conteuse, et Ivan Zec, accord\u00e9oniste, vous proposent de suivre \u00e0 travers les mots et la musique.\u00a0<\/i><\/span><\/span><\/span><\/p>\n<p align=\"JUSTIFY\"><span style=\"color: #5133ab;\"><span style=\"font-family: Arial, serif;\"><span style=\"font-size: medium;\"><i><b>La Grande Marcheuse\u2026<\/b><\/i><\/span><\/span><\/span><\/p>\n<p align=\"JUSTIFY\"><span style=\"color: #5133ab;\"><span style=\"font-family: Arial, serif;\"><span style=\"font-size: medium;\"><i>Une histoire n\u00e9e d\u2019une n\u00e9cessit\u00e9 profonde pour No\u00e9mie de\u00a0 puiser dans le sel et l\u2019air marin, sa terre d&rsquo;origine, ainsi que dans certains grands mythes, sensations et images saisies afin d\u2019en trouver le prolongement infini dans le regard de l\u2019Autre.\u00a0<\/i><\/span><\/span><\/span><\/p>\n<p align=\"JUSTIFY\"><span style=\"color: #5133ab;\"><span style=\"font-family: Arial, serif;\"><span style=\"font-size: medium;\"><i><b>La Grande Marcheuse\u2026<\/b><\/i><\/span><\/span><\/span><\/p>\n<p align=\"JUSTIFY\"><span style=\"color: #5133ab;\"><span style=\"font-family: Arial, serif;\"><span style=\"font-size: medium;\"><i>Une rencontre musicale toujours diff\u00e9rente men\u00e9e par Ivan Zec, accord\u00e9oniste et cr\u00e9ateur sonore hors-pair et qui fait de ce voyage un instant unique, diff\u00e9rent \u00e0 chaque repr\u00e9sentation car cr\u00e9ateur de l\u2019instant, aupr\u00e8s de qui il fait bon avancer\u2026<\/i><\/span><\/span><\/span><\/p>\n<p align=\"JUSTIFY\"><span style=\"color: #5133ab;\"><span style=\"font-family: Arial, serif;\"><span style=\"font-size: medium;\"><i>Bienvenue entre l\u2019ici et l\u2019ailleurs, entre images et perceptions, entre r\u00eave et r\u00e9alit\u00e9\u2026\u00a0<\/i><\/span><\/span><\/span><\/p>\n<div id=\"attachment_1304\" style=\"width: 606px\"  class=\"wp-caption aligncenter\"><a href=\"https:\/\/www.noemie-sanson.fr\/wordpress\/wp-content\/uploads\/2011\/02\/A4_web.jpg\"><img loading=\"lazy\" decoding=\"async\" class=\"wp-image-1304 size-full\" src=\"https:\/\/www.noemie-sanson.fr\/wordpress\/wp-content\/uploads\/2011\/02\/A4_web.jpg\" alt=\"\" width=\"596\" height=\"842\" srcset=\"https:\/\/www.noemie-sanson.fr\/wordpress\/wp-content\/uploads\/2011\/02\/A4_web.jpg 596w, https:\/\/www.noemie-sanson.fr\/wordpress\/wp-content\/uploads\/2011\/02\/A4_web-212x300.jpg 212w\" sizes=\"auto, (max-width: 596px) 100vw, 596px\" \/><\/a><p class=\"wp-caption-text\">Affiche r\u00e9alis\u00e9e par Aude L\u00e9onard avec le soutien de l&rsquo;Audiens<\/p><\/div>\n<hr \/>\n<ul>\n<li><em><strong>Enregistrements sonores<\/strong><\/em>,\u00a0avec le soutien de l\u2019AUDIENS :<\/li>\n<\/ul>\n<p>&#8211; Bande annonce de<strong>\u00a0<em>La Grande\u00a0Marcheuse<\/em><\/strong>, \u00e9crit et interpr\u00e9t\u00e9 par No\u00e9mie avec\u00a0<strong>Ivan ZEC<\/strong>\u00a0\u00e0 la musique et\u00a0 \u00e0 la cr\u00e9ation sonore (ing\u00e9nieur du son\u00a0<strong>S\u00e9bastien\u00a0PONS<\/strong>) :<\/p>\n<audio class=\"wp-audio-shortcode\" id=\"audio-1529-3\" preload=\"none\" style=\"width: 100%;\" controls=\"controls\"><source type=\"audio\/wav\" src=\"https:\/\/www.noemie-sanson.fr\/wordpress\/wp-content\/uploads\/2020\/04\/master-teaser.wav?_=3\" \/><a href=\"https:\/\/www.noemie-sanson.fr\/wordpress\/wp-content\/uploads\/2020\/04\/master-teaser.wav\">https:\/\/www.noemie-sanson.fr\/wordpress\/wp-content\/uploads\/2020\/04\/master-teaser.wav<\/a><\/audio>\n<hr \/>\n<p>&#8211; Extrait sonore<span style=\"color: #000000;\"> de <\/span><strong><em>La Grande\u00a0Marcheuse<\/em><\/strong>, \u00e9crit et interpr\u00e9t\u00e9 par No\u00e9mie avec\u00a0<strong>Ivan ZEC<\/strong>\u00a0\u00e0 la musique et\u00a0 \u00e0 la cr\u00e9ation sonore (ing\u00e9nieur du son\u00a0<strong>S\u00e9bastien\u00a0PONS<\/strong>) :<\/p>\n<audio class=\"wp-audio-shortcode\" id=\"audio-1529-4\" preload=\"none\" style=\"width: 100%;\" controls=\"controls\"><source type=\"audio\/wav\" src=\"https:\/\/www.noemie-sanson.fr\/wordpress\/wp-content\/uploads\/2020\/04\/master-Les-calfats.wav?_=4\" \/><a href=\"https:\/\/www.noemie-sanson.fr\/wordpress\/wp-content\/uploads\/2020\/04\/master-Les-calfats.wav\">https:\/\/www.noemie-sanson.fr\/wordpress\/wp-content\/uploads\/2020\/04\/master-Les-calfats.wav<\/a><\/audio>","protected":false},"excerpt":{"rendered":"<p>Apr\u00e8s avoir \u00e9crit La Grande Marcheuse, No\u00e9mie a \u00e9crit une nouvelle intitul\u00e9e Sur La Banquise.\u00a0 No\u00e9mie souhaite aller avec cette nouvelle \u00e0 la rencontre des cercles de femmes, des publics des centres sociaux, et tout cercle o\u00f9 la parole se &hellip; <a href=\"https:\/\/www.noemie-sanson.fr\/?page_id=1529\">Continuer la lecture <span class=\"meta-nav\">&rarr;<\/span><\/a><\/p>\n","protected":false},"author":2,"featured_media":2442,"parent":3991,"menu_order":0,"comment_status":"closed","ping_status":"closed","template":"","meta":{"footnotes":""},"class_list":["post-1529","page","type-page","status-publish","has-post-thumbnail","hentry"],"_links":{"self":[{"href":"https:\/\/www.noemie-sanson.fr\/index.php?rest_route=\/wp\/v2\/pages\/1529","targetHints":{"allow":["GET"]}}],"collection":[{"href":"https:\/\/www.noemie-sanson.fr\/index.php?rest_route=\/wp\/v2\/pages"}],"about":[{"href":"https:\/\/www.noemie-sanson.fr\/index.php?rest_route=\/wp\/v2\/types\/page"}],"author":[{"embeddable":true,"href":"https:\/\/www.noemie-sanson.fr\/index.php?rest_route=\/wp\/v2\/users\/2"}],"replies":[{"embeddable":true,"href":"https:\/\/www.noemie-sanson.fr\/index.php?rest_route=%2Fwp%2Fv2%2Fcomments&post=1529"}],"version-history":[{"count":27,"href":"https:\/\/www.noemie-sanson.fr\/index.php?rest_route=\/wp\/v2\/pages\/1529\/revisions"}],"predecessor-version":[{"id":3990,"href":"https:\/\/www.noemie-sanson.fr\/index.php?rest_route=\/wp\/v2\/pages\/1529\/revisions\/3990"}],"up":[{"embeddable":true,"href":"https:\/\/www.noemie-sanson.fr\/index.php?rest_route=\/wp\/v2\/pages\/3991"}],"wp:featuredmedia":[{"embeddable":true,"href":"https:\/\/www.noemie-sanson.fr\/index.php?rest_route=\/wp\/v2\/media\/2442"}],"wp:attachment":[{"href":"https:\/\/www.noemie-sanson.fr\/index.php?rest_route=%2Fwp%2Fv2%2Fmedia&parent=1529"}],"curies":[{"name":"wp","href":"https:\/\/api.w.org\/{rel}","templated":true}]}}