{"id":303,"date":"2011-02-20T15:08:00","date_gmt":"2011-02-20T13:08:00","guid":{"rendered":"http:\/\/noemie.nonsenz.org\/?page_id=303"},"modified":"2022-01-16T12:32:14","modified_gmt":"2022-01-16T10:32:14","slug":"video-nos-memoires-racontent-communic-arte","status":"publish","type":"page","link":"https:\/\/www.noemie-sanson.fr\/?page_id=303","title":{"rendered":"Atelier Contes avec Communic&rsquo;Arte"},"content":{"rendered":"<p>No\u00e9mie est intervenue \u00e0 plusieurs reprises au sein des \u00e9coles primaires et des centres sociaux des commune de Bagnolet (93) et de Montreuil (93) dans le cadre d&rsquo;Ateliers Conte pour susciter l&rsquo;envie aux enfants d&rsquo;imaginer, de raconter et de partager des histoires.<\/p>\n<p>Les ateliers \u00e9taient \u00e0 l&rsquo;initiative de la compagnie Communic&rsquo;arte, une compagnie internationale, bas\u00e9e \u00e0 Bagnolet, travaillant sur des spectacles s&rsquo;appuyant sur des langages artistiques divers, et s&rsquo;int\u00e9ressant \u00e0 la probl\u00e9matique de l&rsquo;Identit\u00e9.<\/p>\n<p>Voici le site de la Compagnie : <a href=\"http:\/\/akisun.wix.com\/akisun\">http:\/\/akisun.wix.com\/akisun<\/a><\/p>\n<p style=\"text-align: justify;\">\u00a0<\/p>\n\n\n<p><\/p>\n","protected":false},"excerpt":{"rendered":"<p>No\u00e9mie est intervenue \u00e0 plusieurs reprises au sein des \u00e9coles primaires et des centres sociaux des commune de Bagnolet (93) et de Montreuil (93) dans le cadre d&rsquo;Ateliers Conte pour susciter l&rsquo;envie aux enfants d&rsquo;imaginer, de raconter et de partager &hellip; <a href=\"https:\/\/www.noemie-sanson.fr\/?page_id=303\">Continuer la lecture <span class=\"meta-nav\">&rarr;<\/span><\/a><\/p>\n","protected":false},"author":2,"featured_media":2669,"parent":169,"menu_order":7,"comment_status":"closed","ping_status":"closed","template":"","meta":{"footnotes":""},"class_list":["post-303","page","type-page","status-publish","has-post-thumbnail","hentry"],"_links":{"self":[{"href":"https:\/\/www.noemie-sanson.fr\/index.php?rest_route=\/wp\/v2\/pages\/303","targetHints":{"allow":["GET"]}}],"collection":[{"href":"https:\/\/www.noemie-sanson.fr\/index.php?rest_route=\/wp\/v2\/pages"}],"about":[{"href":"https:\/\/www.noemie-sanson.fr\/index.php?rest_route=\/wp\/v2\/types\/page"}],"author":[{"embeddable":true,"href":"https:\/\/www.noemie-sanson.fr\/index.php?rest_route=\/wp\/v2\/users\/2"}],"replies":[{"embeddable":true,"href":"https:\/\/www.noemie-sanson.fr\/index.php?rest_route=%2Fwp%2Fv2%2Fcomments&post=303"}],"version-history":[{"count":18,"href":"https:\/\/www.noemie-sanson.fr\/index.php?rest_route=\/wp\/v2\/pages\/303\/revisions"}],"predecessor-version":[{"id":2671,"href":"https:\/\/www.noemie-sanson.fr\/index.php?rest_route=\/wp\/v2\/pages\/303\/revisions\/2671"}],"up":[{"embeddable":true,"href":"https:\/\/www.noemie-sanson.fr\/index.php?rest_route=\/wp\/v2\/pages\/169"}],"wp:featuredmedia":[{"embeddable":true,"href":"https:\/\/www.noemie-sanson.fr\/index.php?rest_route=\/wp\/v2\/media\/2669"}],"wp:attachment":[{"href":"https:\/\/www.noemie-sanson.fr\/index.php?rest_route=%2Fwp%2Fv2%2Fmedia&parent=303"}],"curies":[{"name":"wp","href":"https:\/\/api.w.org\/{rel}","templated":true}]}}

<p>Noémie est intervenue à plusieurs reprises au sein des écoles primaires et des centres sociaux des commune de Bagnolet (93) et de Montreuil (93) dans le cadre d&rsquo;Ateliers Conte pour susciter l&rsquo;envie aux enfants d&rsquo;imaginer, de raconter et de partager des histoires.</p>
<p>Les ateliers étaient à l&rsquo;initiative de la compagnie Communic&rsquo;arte, une compagnie internationale, basée à Bagnolet, travaillant sur des spectacles s&rsquo;appuyant sur des langages artistiques divers, et s&rsquo;intéressant à la problématique de l&rsquo;Identité.</p>
<p>Voici le site de la Compagnie : <a href="http://akisun.wix.com/akisun">http://akisun.wix.com/akisun</a></p>
<p style="text-align: justify;"> </p>


<p></p>

<p>Noémie est intervenue à plusieurs reprises au sein des écoles primaires et des centres sociaux des commune de Bagnolet (93) et de Montreuil (93) dans le cadre d&rsquo;Ateliers Conte pour susciter l&rsquo;envie aux enfants d&rsquo;imaginer, de raconter et de partager &hellip; <a href="https://www.noemie-sanson.fr/?page_id=303">Continuer la lecture <span class="meta-nav">&rarr;</span></a></p>
