{"id":3786,"date":"2024-02-29T11:53:02","date_gmt":"2024-02-29T09:53:02","guid":{"rendered":"https:\/\/www.noemie-sanson.fr\/?page_id=3786"},"modified":"2024-02-29T12:32:46","modified_gmt":"2024-02-29T10:32:46","slug":"projets-oralite-et-memoires","status":"publish","type":"page","link":"https:\/\/www.noemie-sanson.fr\/?page_id=3786","title":{"rendered":"OFNIBUS"},"content":{"rendered":"\n<p>Du 23 au 28 octobre 2022, Ofnibus a pos\u00e9 scanner, magn\u00e9tos et visionneuses en Sarthe, \u00e0 Chemir\u00e9-en-Charnie et Bouloire pour faire revivre des archives film\u00e9es.<\/p>\n\n\n\n<p>D\u2019abord invit\u00e9s par la Communaut\u00e9 de communes Lou\u00e9-Br\u00fblon-Noyen, en partenariat avec le festival SarthoisCin\u00e9S\u00e9ries, Ofnibus rencontr\u00e9 les habitants de Chemir\u00e9-en-Charnie. Certains se sont alors install\u00e9s devant les visionneuses et d\u00e9couvraient des images qu\u2019ils ne connaissaient pas. <\/p>\n\n\n\n<figure class=\"wp-block-image\"><img decoding=\"async\" src=\"https:\/\/ofnibus.fr\/wp-content\/uploads\/2023\/02\/312021767_198516315881387_3667981168175935502_n.jpg\" alt=\"Visionnage d'archives \u00e0 Chemir\u00e9-en-Charnie - Retour sur les archives film\u00e9es en Sarthe #1\" class=\"wp-image-3013\" title=\"Illustration\"\/><\/figure>\n\n\n\n<p>Lors de la soir\u00e9e de restitutions, \u00e0 l\u2019espace du Courmesnil de Lou\u00e9, No\u00e9mie Sanson introduisait les s\u00e9quences tourn\u00e9es \u00e0 Poill\u00e9-sur-V\u00e8gre, Asni\u00e8res-sur-V\u00e8gre, \u00e0 Saint-Denis d\u2019Orques, \u00e0 Jou\u00e9-en-Charnie et ailleurs. <\/p>\n\n\n\n<p>Voici un extrait de la restitution : <a href=\"https:\/\/vimeo.com\/804572474\" data-type=\"link\" data-id=\"https:\/\/vimeo.com\/804572474\" target=\"_blank\" rel=\"noreferrer noopener\">https:\/\/vimeo.com\/804572474<\/a><\/p>\n","protected":false},"excerpt":{"rendered":"<p>Du 23 au 28 octobre 2022, Ofnibus a pos\u00e9 scanner, magn\u00e9tos et visionneuses en Sarthe, \u00e0 Chemir\u00e9-en-Charnie et Bouloire pour faire revivre des archives film\u00e9es. D\u2019abord invit\u00e9s par la Communaut\u00e9 de communes Lou\u00e9-Br\u00fblon-Noyen, en partenariat avec le festival SarthoisCin\u00e9S\u00e9ries, Ofnibus &hellip; <a href=\"https:\/\/www.noemie-sanson.fr\/?page_id=3786\">Continuer la lecture <span class=\"meta-nav\">&rarr;<\/span><\/a><\/p>\n","protected":false},"author":2,"featured_media":0,"parent":3801,"menu_order":2,"comment_status":"closed","ping_status":"closed","template":"","meta":{"footnotes":""},"class_list":["post-3786","page","type-page","status-publish","hentry"],"_links":{"self":[{"href":"https:\/\/www.noemie-sanson.fr\/index.php?rest_route=\/wp\/v2\/pages\/3786","targetHints":{"allow":["GET"]}}],"collection":[{"href":"https:\/\/www.noemie-sanson.fr\/index.php?rest_route=\/wp\/v2\/pages"}],"about":[{"href":"https:\/\/www.noemie-sanson.fr\/index.php?rest_route=\/wp\/v2\/types\/page"}],"author":[{"embeddable":true,"href":"https:\/\/www.noemie-sanson.fr\/index.php?rest_route=\/wp\/v2\/users\/2"}],"replies":[{"embeddable":true,"href":"https:\/\/www.noemie-sanson.fr\/index.php?rest_route=%2Fwp%2Fv2%2Fcomments&post=3786"}],"version-history":[{"count":3,"href":"https:\/\/www.noemie-sanson.fr\/index.php?rest_route=\/wp\/v2\/pages\/3786\/revisions"}],"predecessor-version":[{"id":3803,"href":"https:\/\/www.noemie-sanson.fr\/index.php?rest_route=\/wp\/v2\/pages\/3786\/revisions\/3803"}],"up":[{"embeddable":true,"href":"https:\/\/www.noemie-sanson.fr\/index.php?rest_route=\/wp\/v2\/pages\/3801"}],"wp:attachment":[{"href":"https:\/\/www.noemie-sanson.fr\/index.php?rest_route=%2Fwp%2Fv2%2Fmedia&parent=3786"}],"curies":[{"name":"wp","href":"https:\/\/api.w.org\/{rel}","templated":true}]}}

<p>Du 23 au 28 octobre 2022, Ofnibus a posé scanner, magnétos et visionneuses en Sarthe, à Chemiré-en-Charnie et Bouloire pour faire revivre des archives filmées.</p>



<p>D’abord invités par la Communauté de communes Loué-Brûlon-Noyen, en partenariat avec le festival SarthoisCinéSéries, Ofnibus rencontré les habitants de Chemiré-en-Charnie. Certains se sont alors installés devant les visionneuses et découvraient des images qu’ils ne connaissaient pas. </p>



<figure class="wp-block-image"><img decoding="async" src="https://ofnibus.fr/wp-content/uploads/2023/02/312021767_198516315881387_3667981168175935502_n.jpg" alt="Visionnage d'archives à Chemiré-en-Charnie - Retour sur les archives filmées en Sarthe #1" class="wp-image-3013" title="Illustration"/></figure>



<p>Lors de la soirée de restitutions, à l’espace du Courmesnil de Loué, Noémie Sanson introduisait les séquences tournées à Poillé-sur-Vègre, Asnières-sur-Vègre, à Saint-Denis d’Orques, à Joué-en-Charnie et ailleurs. </p>



<p>Voici un extrait de la restitution : <a href="https://vimeo.com/804572474" data-type="link" data-id="https://vimeo.com/804572474" target="_blank" rel="noreferrer noopener">https://vimeo.com/804572474</a></p>

<p>Du 23 au 28 octobre 2022, Ofnibus a posé scanner, magnétos et visionneuses en Sarthe, à Chemiré-en-Charnie et Bouloire pour faire revivre des archives filmées. D’abord invités par la Communauté de communes Loué-Brûlon-Noyen, en partenariat avec le festival SarthoisCinéSéries, Ofnibus &hellip; <a href="https://www.noemie-sanson.fr/?page_id=3786">Continuer la lecture <span class="meta-nav">&rarr;</span></a></p>
