{"id":3839,"date":"2024-03-08T12:48:50","date_gmt":"2024-03-08T10:48:50","guid":{"rendered":"https:\/\/www.noemie-sanson.fr\/?page_id=3839"},"modified":"2024-10-10T14:19:55","modified_gmt":"2024-10-10T12:19:55","slug":"stage-flanerie-au-bord-des-contes","status":"publish","type":"page","link":"https:\/\/www.noemie-sanson.fr\/?page_id=3839","title":{"rendered":"Stage : Fl\u00e2neries au bord des Contes N\u00b01 JUILLET 2024"},"content":{"rendered":"\n<p>\u00e0 la Salle du Lac des Varennes \u00e0 Mar\u00e7on (72340) <\/p>\n\n\n\n<p>Du Mercredi 10 au vendredi 12 juillet 2024<\/p>\n\n\n\n<figure class=\"wp-block-image\"><img loading=\"lazy\" decoding=\"async\" width=\"1428\" height=\"2000\" src=\"https:\/\/www.noemie-sanson.fr\/wordpress\/wp-content\/uploads\/2024\/05\/Affiche-double-final.jpg\" alt=\"\" class=\"wp-image-4024\" srcset=\"https:\/\/www.noemie-sanson.fr\/wordpress\/wp-content\/uploads\/2024\/05\/Affiche-double-final.jpg 1428w, https:\/\/www.noemie-sanson.fr\/wordpress\/wp-content\/uploads\/2024\/05\/Affiche-double-final-214x300.jpg 214w, https:\/\/www.noemie-sanson.fr\/wordpress\/wp-content\/uploads\/2024\/05\/Affiche-double-final-731x1024.jpg 731w, https:\/\/www.noemie-sanson.fr\/wordpress\/wp-content\/uploads\/2024\/05\/Affiche-double-final-768x1076.jpg 768w, https:\/\/www.noemie-sanson.fr\/wordpress\/wp-content\/uploads\/2024\/05\/Affiche-double-final-1097x1536.jpg 1097w\" sizes=\"auto, (max-width: 1428px) 100vw, 1428px\" \/><\/figure>\n\n\n\n<p><\/p>\n","protected":false},"excerpt":{"rendered":"<p>\u00e0 la Salle du Lac des Varennes \u00e0 Mar\u00e7on (72340) Du Mercredi 10 au vendredi 12 juillet 2024<\/p>\n","protected":false},"author":2,"featured_media":0,"parent":3076,"menu_order":1,"comment_status":"closed","ping_status":"closed","template":"","meta":{"footnotes":""},"class_list":["post-3839","page","type-page","status-publish","hentry"],"_links":{"self":[{"href":"https:\/\/www.noemie-sanson.fr\/index.php?rest_route=\/wp\/v2\/pages\/3839","targetHints":{"allow":["GET"]}}],"collection":[{"href":"https:\/\/www.noemie-sanson.fr\/index.php?rest_route=\/wp\/v2\/pages"}],"about":[{"href":"https:\/\/www.noemie-sanson.fr\/index.php?rest_route=\/wp\/v2\/types\/page"}],"author":[{"embeddable":true,"href":"https:\/\/www.noemie-sanson.fr\/index.php?rest_route=\/wp\/v2\/users\/2"}],"replies":[{"embeddable":true,"href":"https:\/\/www.noemie-sanson.fr\/index.php?rest_route=%2Fwp%2Fv2%2Fcomments&post=3839"}],"version-history":[{"count":4,"href":"https:\/\/www.noemie-sanson.fr\/index.php?rest_route=\/wp\/v2\/pages\/3839\/revisions"}],"predecessor-version":[{"id":4077,"href":"https:\/\/www.noemie-sanson.fr\/index.php?rest_route=\/wp\/v2\/pages\/3839\/revisions\/4077"}],"up":[{"embeddable":true,"href":"https:\/\/www.noemie-sanson.fr\/index.php?rest_route=\/wp\/v2\/pages\/3076"}],"wp:attachment":[{"href":"https:\/\/www.noemie-sanson.fr\/index.php?rest_route=%2Fwp%2Fv2%2Fmedia&parent=3839"}],"curies":[{"name":"wp","href":"https:\/\/api.w.org\/{rel}","templated":true}]}}

Stage : Flâneries au bord des Contes N°1 JUILLET 2024

<p>à la Salle du Lac des Varennes à Marçon (72340) </p>



<p>Du Mercredi 10 au vendredi 12 juillet 2024</p>



<figure class="wp-block-image"><img loading="lazy" decoding="async" width="1428" height="2000" src="https://www.noemie-sanson.fr/wordpress/wp-content/uploads/2024/05/Affiche-double-final.jpg" alt="" class="wp-image-4024" srcset="https://www.noemie-sanson.fr/wordpress/wp-content/uploads/2024/05/Affiche-double-final.jpg 1428w, https://www.noemie-sanson.fr/wordpress/wp-content/uploads/2024/05/Affiche-double-final-214x300.jpg 214w, https://www.noemie-sanson.fr/wordpress/wp-content/uploads/2024/05/Affiche-double-final-731x1024.jpg 731w, https://www.noemie-sanson.fr/wordpress/wp-content/uploads/2024/05/Affiche-double-final-768x1076.jpg 768w, https://www.noemie-sanson.fr/wordpress/wp-content/uploads/2024/05/Affiche-double-final-1097x1536.jpg 1097w" sizes="auto, (max-width: 1428px) 100vw, 1428px" /></figure>



<p></p>

<p>à la Salle du Lac des Varennes à Marçon (72340) Du Mercredi 10 au vendredi 12 juillet 2024</p>
