{"id":3918,"date":"2024-03-12T17:56:15","date_gmt":"2024-03-12T15:56:15","guid":{"rendered":"https:\/\/www.noemie-sanson.fr\/?page_id=3918"},"modified":"2024-03-12T17:56:15","modified_gmt":"2024-03-12T15:56:15","slug":"la-danse-de-linvisible-historique-partie-ii","status":"publish","type":"page","link":"https:\/\/www.noemie-sanson.fr\/?page_id=3918","title":{"rendered":"La danse de l&rsquo;Invisible : historique partie II"},"content":{"rendered":"\n<p class=\"has-text-align-center has-white-color has-text-color has-background has-link-color wp-elements-cc49527170fbe2639404a74cb7a89c07\" style=\"background-color:#cc003f\">De r\u00e9sidence en r\u00e9sidence vers La Danse  <\/p>\n\n\n\n<p>Deux r\u00e9sidences ont alors suivi :<\/p>\n\n\n\n<ul class=\"wp-block-list\">\n<li><strong>Cinq jours en avril 2021 : R\u00e9sidence artistique aux Fours \u00e0 Chaux deR\u00e9gneville sur Mer<\/strong> ((Centre D\u00e9partemental de Cr\u00e9ation Artistique, Manche) :espace de travail \/ cadre historique et patrimonial propice \u00e0 la cr\u00e9ativit\u00e9 \/h\u00e9bergement.<\/li>\n<\/ul>\n\n\n\n<p><\/p>\n\n\n\n<ul class=\"wp-block-list\">\n<li><strong>Cinq jours en octobre 2021 : R\u00e9sidence artistique \u00e0 l\u2019Arsenal<\/strong> (Lieu municipal de programmation culturel de Nogent le Rotrou en Eure et Loir : espace de travail \u00e0 disposition avec un peu de technique Lumi\u00e8re (pr\u00e9sence d\u2019un technicien), avec \u00e0 une pr\u00e9sentation de chantier en public.<\/li>\n<\/ul>\n\n\n\n<p class=\"has-white-color has-text-color has-background has-link-color wp-elements-47c8f9f71d04fcb6189ac2bc229f028a\" style=\"background-color:#cc003f\">Ce travail de recherche est en perp\u00e9tuelle  interaction avec ses \u00e9tapes de cheminement personnel  (No\u00e9mie suit depuis 2014 des stages aupr\u00e8s de<strong> Lalitha Berthon<\/strong>, sp\u00e9cialiste du d\u00e9veloppement Ego\/Conscience ).<\/p>\n\n\n\n<p>En amont des r\u00e9sidences, No\u00e9mie a effectu\u00e9 un travail dramaturgique autour d\u2019autres contes traditionnels :<br><br><strong><em>Vassilissa et sa poup\u00e9e<\/em><\/strong>, conte russe.<br><strong><em>La petite indienne<\/em><\/strong>, d\u2019apr\u00e8s un r\u00e9cit de vie trouv\u00e9 dans<br><strong><em> <\/em><\/strong>de Paula Gunn Allen, qui a recueilli 17 voix de femmes am\u00e9rindiennes.<br><strong><em>La danse des grands-m\u00e8res<\/em><\/strong>, Clarissa Pinkola Est\u00e9s, auteur de <em>Femmes qui courent avec les loups<\/em> ( un livre que se transmettent les femmes encore aujourd&rsquo;hui de main en main)<br><strong><em>Le Conte de la M\u00e8re de clan de la septi\u00e8me lune<\/em><\/strong>, conte que l\u2019on trouve dans<br><em>Les treize m\u00e8res originelles<\/em>, la voie initiatique des femmes am\u00e9rindiennes, de Jamie Sams, membre de la Hutte d&rsquo;Enseignement du Clan du Loup.<\/p>\n\n\n\n<p><br>Elle a aussi int\u00e9gr\u00e9 \u00e0 ce corpus un texte n\u00e9 durant la p\u00e9riode virus lors d\u2019un atelier en visioconf\u00e9rence men\u00e9 par <strong>Martine Tollet<\/strong>, conteuse professionnelle et formatrice.<br>Ce texte <strong><em>L\u2019homme-feuille<\/em><\/strong>, racontant l\u2019histoire d\u2019un voyage initiatique d\u2019un homme en reconstruction \u00e0 travers son corps et la nature, deviendra plus tard <em>L\u2019Homme au violon <\/em>(transhumance d\u2019un homme parti de Hongrie pour aller vers l\u2019Am\u00e9rique).<\/p>\n\n\n\n<p class=\"has-text-align-center\"><em>PS : Martine Tollet est d\u00e9c\u00e9d\u00e9e le 30 d\u00e9cembre 2020. Il existe sur le net de nombreux sites, t\u00e9moignages, enregistrements de son travail, permettant de d\u00e9couvrir encore la grande \u00e9tendue de son action, pourtant si discr\u00e8te, et qui a accompagn\u00e9 de nombreuses conteuses et de nombreux conteurs.<\/em><\/p>\n\n\n\n<p><\/p>\n\n\n\n<p><\/p>\n","protected":false},"excerpt":{"rendered":"<p>De r\u00e9sidence en r\u00e9sidence vers La Danse Deux r\u00e9sidences ont alors suivi : Ce travail de recherche est en perp\u00e9tuelle interaction avec ses \u00e9tapes de cheminement personnel (No\u00e9mie suit depuis 2014 des stages aupr\u00e8s de Lalitha Berthon, sp\u00e9cialiste du d\u00e9veloppement &hellip; <a href=\"https:\/\/www.noemie-sanson.fr\/?page_id=3918\">Continuer la lecture <span class=\"meta-nav\">&rarr;<\/span><\/a><\/p>\n","protected":false},"author":2,"featured_media":0,"parent":3910,"menu_order":2,"comment_status":"closed","ping_status":"closed","template":"","meta":{"footnotes":""},"class_list":["post-3918","page","type-page","status-publish","hentry"],"_links":{"self":[{"href":"https:\/\/www.noemie-sanson.fr\/index.php?rest_route=\/wp\/v2\/pages\/3918","targetHints":{"allow":["GET"]}}],"collection":[{"href":"https:\/\/www.noemie-sanson.fr\/index.php?rest_route=\/wp\/v2\/pages"}],"about":[{"href":"https:\/\/www.noemie-sanson.fr\/index.php?rest_route=\/wp\/v2\/types\/page"}],"author":[{"embeddable":true,"href":"https:\/\/www.noemie-sanson.fr\/index.php?rest_route=\/wp\/v2\/users\/2"}],"replies":[{"embeddable":true,"href":"https:\/\/www.noemie-sanson.fr\/index.php?rest_route=%2Fwp%2Fv2%2Fcomments&post=3918"}],"version-history":[{"count":1,"href":"https:\/\/www.noemie-sanson.fr\/index.php?rest_route=\/wp\/v2\/pages\/3918\/revisions"}],"predecessor-version":[{"id":3919,"href":"https:\/\/www.noemie-sanson.fr\/index.php?rest_route=\/wp\/v2\/pages\/3918\/revisions\/3919"}],"up":[{"embeddable":true,"href":"https:\/\/www.noemie-sanson.fr\/index.php?rest_route=\/wp\/v2\/pages\/3910"}],"wp:attachment":[{"href":"https:\/\/www.noemie-sanson.fr\/index.php?rest_route=%2Fwp%2Fv2%2Fmedia&parent=3918"}],"curies":[{"name":"wp","href":"https:\/\/api.w.org\/{rel}","templated":true}]}}