{"id":689,"date":"2012-10-19T16:17:31","date_gmt":"2012-10-19T14:17:31","guid":{"rendered":"https:\/\/www.noemie-sanson.fr\/?page_id=689"},"modified":"2022-01-16T12:32:55","modified_gmt":"2022-01-16T10:32:55","slug":"arc-en-noir-kassia-aleksic","status":"publish","type":"page","link":"https:\/\/www.noemie-sanson.fr\/?page_id=689","title":{"rendered":"Arc-en-Noir, parc de Belleville, Paris"},"content":{"rendered":"<p>Arc-en-Noir par la compagnie Engag&rsquo;art<\/p>\n<p style=\"text-align: justify;\">Arc-en-Noir, spectacle \u00e9crit et mis en sc\u00e8ne par Kassia Aleksic, a \u00e9t\u00e9 pour moi l&rsquo;occasion d&rsquo;une immmersion dans le monde des Balkans, et plus particuli\u00e8rement du Kosovo. Kassia Aleksic a \u00e9crit ce texte suite \u00e0 un travail de terrain men\u00e9 au Kosovo. Cette mati\u00e8re riche, compl\u00e9t\u00e9e par des rencontres avec des serbes et albanais, a \u00e9t\u00e9 la base d&rsquo;un travail et d&rsquo;un questionnement sur la notion d&rsquo;art engag\u00e9.<\/p>\n<p style=\"text-align: justify;\">Parc de Belleville Paris<br>r\u00f4les : La Cr\u00e9ature, la Femme serbe, Lule<br>juin 2012<\/p>\n\n\n<figure class=\"wp-block-gallery columns-3 is-cropped wp-block-gallery-1 is-layout-flex wp-block-gallery-is-layout-flex\"><ul class=\"blocks-gallery-grid\"><li class=\"blocks-gallery-item\"><figure><img loading=\"lazy\" decoding=\"async\" width=\"819\" height=\"1024\" src=\"https:\/\/www.noemie-sanson.fr\/wordpress\/wp-content\/uploads\/2012\/10\/DK33-819x1024.jpg\" alt=\"\" data-id=\"976\" data-full-url=\"https:\/\/www.noemie-sanson.fr\/wordpress\/wp-content\/uploads\/2012\/10\/DK33.jpg\" data-link=\"https:\/\/www.noemie-sanson.fr\/?attachment_id=976\" class=\"wp-image-976\" srcset=\"https:\/\/www.noemie-sanson.fr\/wordpress\/wp-content\/uploads\/2012\/10\/DK33-819x1024.jpg 819w, https:\/\/www.noemie-sanson.fr\/wordpress\/wp-content\/uploads\/2012\/10\/DK33-239x300.jpg 239w\" sizes=\"auto, (max-width: 819px) 100vw, 819px\" \/><\/figure><\/li><li class=\"blocks-gallery-item\"><figure><img loading=\"lazy\" decoding=\"async\" width=\"1024\" height=\"768\" src=\"https:\/\/www.noemie-sanson.fr\/wordpress\/wp-content\/uploads\/2012\/10\/sc\u00e8ne-finale-1024x768.jpg\" alt=\"\" data-id=\"975\" data-full-url=\"https:\/\/www.noemie-sanson.fr\/wordpress\/wp-content\/uploads\/2012\/10\/sc\u00e8ne-finale.jpg\" data-link=\"https:\/\/www.noemie-sanson.fr\/?attachment_id=975\" class=\"wp-image-975\" srcset=\"https:\/\/www.noemie-sanson.fr\/wordpress\/wp-content\/uploads\/2012\/10\/sc\u00e8ne-finale-1024x768.jpg 1024w, https:\/\/www.noemie-sanson.fr\/wordpress\/wp-content\/uploads\/2012\/10\/sc\u00e8ne-finale-300x225.jpg 300w, https:\/\/www.noemie-sanson.fr\/wordpress\/wp-content\/uploads\/2012\/10\/sc\u00e8ne-finale.jpg 2048w\" sizes=\"auto, (max-width: 1024px) 100vw, 1024px\" \/><\/figure><\/li><li class=\"blocks-gallery-item\"><figure><img loading=\"lazy\" decoding=\"async\" width=\"682\" height=\"1024\" src=\"https:\/\/www.noemie-sanson.fr\/wordpress\/wp-content\/uploads\/2012\/10\/DK43-682x1024.jpg\" alt=\"\" data-id=\"974\" data-full-url=\"https:\/\/www.noemie-sanson.fr\/wordpress\/wp-content\/uploads\/2012\/10\/DK43.jpg\" data-link=\"https:\/\/www.noemie-sanson.fr\/?attachment_id=974\" class=\"wp-image-974\" srcset=\"https:\/\/www.noemie-sanson.fr\/wordpress\/wp-content\/uploads\/2012\/10\/DK43-682x1024.jpg 682w, https:\/\/www.noemie-sanson.fr\/wordpress\/wp-content\/uploads\/2012\/10\/DK43-200x300.jpg 200w\" sizes=\"auto, (max-width: 682px) 100vw, 682px\" \/><\/figure><\/li><li class=\"blocks-gallery-item\"><figure><img loading=\"lazy\" decoding=\"async\" width=\"1024\" height=\"1024\" src=\"https:\/\/www.noemie-sanson.fr\/wordpress\/wp-content\/uploads\/2012\/10\/La-Cr\u00e9ature1-1024x1024.jpg\" alt=\"\" data-id=\"971\" data-full-url=\"https:\/\/www.noemie-sanson.fr\/wordpress\/wp-content\/uploads\/2012\/10\/La-Cr\u00e9ature1.jpg\" data-link=\"https:\/\/www.noemie-sanson.fr\/?attachment_id=971\" class=\"wp-image-971\" srcset=\"https:\/\/www.noemie-sanson.fr\/wordpress\/wp-content\/uploads\/2012\/10\/La-Cr\u00e9ature1-1024x1024.jpg 1024w, https:\/\/www.noemie-sanson.fr\/wordpress\/wp-content\/uploads\/2012\/10\/La-Cr\u00e9ature1-150x150.jpg 150w, https:\/\/www.noemie-sanson.fr\/wordpress\/wp-content\/uploads\/2012\/10\/La-Cr\u00e9ature1-300x300.jpg 300w\" sizes=\"auto, (max-width: 1024px) 100vw, 1024px\" \/><\/figure><\/li><li class=\"blocks-gallery-item\"><figure><img decoding=\"async\" src=\"https:\/\/www.noemie-sanson.fr\/wordpress\/wp-content\/uploads\/2012\/10\/DK36-1024x576.jpg\" alt=\"\" data-id=\"972\" data-full-url=\"https:\/\/www.noemie-sanson.fr\/wordpress\/wp-content\/uploads\/2012\/10\/DK36.jpg\" data-link=\"https:\/\/www.noemie-sanson.fr\/?attachment_id=972\" class=\"wp-image-972\"\/><\/figure><\/li><li class=\"blocks-gallery-item\"><figure><img loading=\"lazy\" decoding=\"async\" width=\"1024\" height=\"819\" src=\"https:\/\/www.noemie-sanson.fr\/wordpress\/wp-content\/uploads\/2012\/10\/DK37-1024x819.jpg\" alt=\"\" data-id=\"973\" data-full-url=\"https:\/\/www.noemie-sanson.fr\/wordpress\/wp-content\/uploads\/2012\/10\/DK37.jpg\" data-link=\"https:\/\/www.noemie-sanson.fr\/?attachment_id=973\" class=\"wp-image-973\" srcset=\"https:\/\/www.noemie-sanson.fr\/wordpress\/wp-content\/uploads\/2012\/10\/DK37-1024x819.jpg 1024w, https:\/\/www.noemie-sanson.fr\/wordpress\/wp-content\/uploads\/2012\/10\/DK37-300x240.jpg 300w\" sizes=\"auto, (max-width: 1024px) 100vw, 1024px\" \/><\/figure><\/li><li class=\"blocks-gallery-item\"><figure><img loading=\"lazy\" decoding=\"async\" width=\"1024\" height=\"489\" src=\"https:\/\/www.noemie-sanson.fr\/wordpress\/wp-content\/uploads\/2012\/10\/femme-serbe-e1586792132650-1024x489.png\" alt=\"\" data-id=\"935\" data-full-url=\"https:\/\/www.noemie-sanson.fr\/wordpress\/wp-content\/uploads\/2012\/10\/femme-serbe-e1586792132650.png\" data-link=\"https:\/\/www.noemie-sanson.fr\/?attachment_id=935\" class=\"wp-image-935\" srcset=\"https:\/\/www.noemie-sanson.fr\/wordpress\/wp-content\/uploads\/2012\/10\/femme-serbe-e1586792132650-1024x489.png 1024w, https:\/\/www.noemie-sanson.fr\/wordpress\/wp-content\/uploads\/2012\/10\/femme-serbe-e1586792132650-300x143.png 300w, https:\/\/www.noemie-sanson.fr\/wordpress\/wp-content\/uploads\/2012\/10\/femme-serbe-e1586792132650-768x367.png 768w, https:\/\/www.noemie-sanson.fr\/wordpress\/wp-content\/uploads\/2012\/10\/femme-serbe-e1586792132650.png 1366w\" sizes=\"auto, (max-width: 1024px) 100vw, 1024px\" \/><\/figure><\/li><\/ul><\/figure>\n","protected":false},"excerpt":{"rendered":"<p>Arc-en-Noir par la compagnie Engag&rsquo;art Arc-en-Noir, spectacle \u00e9crit et mis en sc\u00e8ne par Kassia Aleksic, a \u00e9t\u00e9 pour moi l&rsquo;occasion d&rsquo;une immmersion dans le monde des Balkans, et plus particuli\u00e8rement du Kosovo. Kassia Aleksic a \u00e9crit ce texte suite \u00e0 &hellip; <a href=\"https:\/\/www.noemie-sanson.fr\/?page_id=689\">Continuer la lecture <span class=\"meta-nav\">&rarr;<\/span><\/a><\/p>\n","protected":false},"author":2,"featured_media":972,"parent":169,"menu_order":9,"comment_status":"closed","ping_status":"closed","template":"","meta":{"footnotes":""},"class_list":["post-689","page","type-page","status-publish","has-post-thumbnail","hentry"],"_links":{"self":[{"href":"https:\/\/www.noemie-sanson.fr\/index.php?rest_route=\/wp\/v2\/pages\/689","targetHints":{"allow":["GET"]}}],"collection":[{"href":"https:\/\/www.noemie-sanson.fr\/index.php?rest_route=\/wp\/v2\/pages"}],"about":[{"href":"https:\/\/www.noemie-sanson.fr\/index.php?rest_route=\/wp\/v2\/types\/page"}],"author":[{"embeddable":true,"href":"https:\/\/www.noemie-sanson.fr\/index.php?rest_route=\/wp\/v2\/users\/2"}],"replies":[{"embeddable":true,"href":"https:\/\/www.noemie-sanson.fr\/index.php?rest_route=%2Fwp%2Fv2%2Fcomments&post=689"}],"version-history":[{"count":14,"href":"https:\/\/www.noemie-sanson.fr\/index.php?rest_route=\/wp\/v2\/pages\/689\/revisions"}],"predecessor-version":[{"id":2392,"href":"https:\/\/www.noemie-sanson.fr\/index.php?rest_route=\/wp\/v2\/pages\/689\/revisions\/2392"}],"up":[{"embeddable":true,"href":"https:\/\/www.noemie-sanson.fr\/index.php?rest_route=\/wp\/v2\/pages\/169"}],"wp:featuredmedia":[{"embeddable":true,"href":"https:\/\/www.noemie-sanson.fr\/index.php?rest_route=\/wp\/v2\/media\/972"}],"wp:attachment":[{"href":"https:\/\/www.noemie-sanson.fr\/index.php?rest_route=%2Fwp%2Fv2%2Fmedia&parent=689"}],"curies":[{"name":"wp","href":"https:\/\/api.w.org\/{rel}","templated":true}]}}

<p>Arc-en-Noir par la compagnie Engag&rsquo;art</p>
<p style="text-align: justify;">Arc-en-Noir, spectacle écrit et mis en scène par Kassia Aleksic, a été pour moi l&rsquo;occasion d&rsquo;une immmersion dans le monde des Balkans, et plus particulièrement du Kosovo. Kassia Aleksic a écrit ce texte suite à un travail de terrain mené au Kosovo. Cette matière riche, complétée par des rencontres avec des serbes et albanais, a été la base d&rsquo;un travail et d&rsquo;un questionnement sur la notion d&rsquo;art engagé.</p>
<p style="text-align: justify;">Parc de Belleville Paris<br>rôles : La Créature, la Femme serbe, Lule<br>juin 2012</p>


<figure class="wp-block-gallery columns-3 is-cropped wp-block-gallery-1 is-layout-flex wp-block-gallery-is-layout-flex"><ul class="blocks-gallery-grid"><li class="blocks-gallery-item"><figure><img loading="lazy" decoding="async" width="819" height="1024" src="https://www.noemie-sanson.fr/wordpress/wp-content/uploads/2012/10/DK33-819x1024.jpg" alt="" data-id="976" data-full-url="https://www.noemie-sanson.fr/wordpress/wp-content/uploads/2012/10/DK33.jpg" data-link="https://www.noemie-sanson.fr/?attachment_id=976" class="wp-image-976" srcset="https://www.noemie-sanson.fr/wordpress/wp-content/uploads/2012/10/DK33-819x1024.jpg 819w, https://www.noemie-sanson.fr/wordpress/wp-content/uploads/2012/10/DK33-239x300.jpg 239w" sizes="auto, (max-width: 819px) 100vw, 819px" /></figure></li><li class="blocks-gallery-item"><figure><img loading="lazy" decoding="async" width="1024" height="768" src="https://www.noemie-sanson.fr/wordpress/wp-content/uploads/2012/10/scène-finale-1024x768.jpg" alt="" data-id="975" data-full-url="https://www.noemie-sanson.fr/wordpress/wp-content/uploads/2012/10/scène-finale.jpg" data-link="https://www.noemie-sanson.fr/?attachment_id=975" class="wp-image-975" srcset="https://www.noemie-sanson.fr/wordpress/wp-content/uploads/2012/10/scène-finale-1024x768.jpg 1024w, https://www.noemie-sanson.fr/wordpress/wp-content/uploads/2012/10/scène-finale-300x225.jpg 300w, https://www.noemie-sanson.fr/wordpress/wp-content/uploads/2012/10/scène-finale.jpg 2048w" sizes="auto, (max-width: 1024px) 100vw, 1024px" /></figure></li><li class="blocks-gallery-item"><figure><img loading="lazy" decoding="async" width="682" height="1024" src="https://www.noemie-sanson.fr/wordpress/wp-content/uploads/2012/10/DK43-682x1024.jpg" alt="" data-id="974" data-full-url="https://www.noemie-sanson.fr/wordpress/wp-content/uploads/2012/10/DK43.jpg" data-link="https://www.noemie-sanson.fr/?attachment_id=974" class="wp-image-974" srcset="https://www.noemie-sanson.fr/wordpress/wp-content/uploads/2012/10/DK43-682x1024.jpg 682w, https://www.noemie-sanson.fr/wordpress/wp-content/uploads/2012/10/DK43-200x300.jpg 200w" sizes="auto, (max-width: 682px) 100vw, 682px" /></figure></li><li class="blocks-gallery-item"><figure><img loading="lazy" decoding="async" width="1024" height="1024" src="https://www.noemie-sanson.fr/wordpress/wp-content/uploads/2012/10/La-Créature1-1024x1024.jpg" alt="" data-id="971" data-full-url="https://www.noemie-sanson.fr/wordpress/wp-content/uploads/2012/10/La-Créature1.jpg" data-link="https://www.noemie-sanson.fr/?attachment_id=971" class="wp-image-971" srcset="https://www.noemie-sanson.fr/wordpress/wp-content/uploads/2012/10/La-Créature1-1024x1024.jpg 1024w, https://www.noemie-sanson.fr/wordpress/wp-content/uploads/2012/10/La-Créature1-150x150.jpg 150w, https://www.noemie-sanson.fr/wordpress/wp-content/uploads/2012/10/La-Créature1-300x300.jpg 300w" sizes="auto, (max-width: 1024px) 100vw, 1024px" /></figure></li><li class="blocks-gallery-item"><figure><img decoding="async" src="https://www.noemie-sanson.fr/wordpress/wp-content/uploads/2012/10/DK36-1024x576.jpg" alt="" data-id="972" data-full-url="https://www.noemie-sanson.fr/wordpress/wp-content/uploads/2012/10/DK36.jpg" data-link="https://www.noemie-sanson.fr/?attachment_id=972" class="wp-image-972"/></figure></li><li class="blocks-gallery-item"><figure><img loading="lazy" decoding="async" width="1024" height="819" src="https://www.noemie-sanson.fr/wordpress/wp-content/uploads/2012/10/DK37-1024x819.jpg" alt="" data-id="973" data-full-url="https://www.noemie-sanson.fr/wordpress/wp-content/uploads/2012/10/DK37.jpg" data-link="https://www.noemie-sanson.fr/?attachment_id=973" class="wp-image-973" srcset="https://www.noemie-sanson.fr/wordpress/wp-content/uploads/2012/10/DK37-1024x819.jpg 1024w, https://www.noemie-sanson.fr/wordpress/wp-content/uploads/2012/10/DK37-300x240.jpg 300w" sizes="auto, (max-width: 1024px) 100vw, 1024px" /></figure></li><li class="blocks-gallery-item"><figure><img loading="lazy" decoding="async" width="1024" height="489" src="https://www.noemie-sanson.fr/wordpress/wp-content/uploads/2012/10/femme-serbe-e1586792132650-1024x489.png" alt="" data-id="935" data-full-url="https://www.noemie-sanson.fr/wordpress/wp-content/uploads/2012/10/femme-serbe-e1586792132650.png" data-link="https://www.noemie-sanson.fr/?attachment_id=935" class="wp-image-935" srcset="https://www.noemie-sanson.fr/wordpress/wp-content/uploads/2012/10/femme-serbe-e1586792132650-1024x489.png 1024w, https://www.noemie-sanson.fr/wordpress/wp-content/uploads/2012/10/femme-serbe-e1586792132650-300x143.png 300w, https://www.noemie-sanson.fr/wordpress/wp-content/uploads/2012/10/femme-serbe-e1586792132650-768x367.png 768w, https://www.noemie-sanson.fr/wordpress/wp-content/uploads/2012/10/femme-serbe-e1586792132650.png 1366w" sizes="auto, (max-width: 1024px) 100vw, 1024px" /></figure></li></ul></figure>

<p>Arc-en-Noir par la compagnie Engag&rsquo;art Arc-en-Noir, spectacle écrit et mis en scène par Kassia Aleksic, a été pour moi l&rsquo;occasion d&rsquo;une immmersion dans le monde des Balkans, et plus particulièrement du Kosovo. Kassia Aleksic a écrit ce texte suite à &hellip; <a href="https://www.noemie-sanson.fr/?page_id=689">Continuer la lecture <span class="meta-nav">&rarr;</span></a></p>
